{"id":45,"date":"2021-01-13T20:35:12","date_gmt":"2021-01-13T20:35:12","guid":{"rendered":"https:\/\/bergensee.at\/?page_id=45"},"modified":"2024-06-24T09:41:31","modified_gmt":"2024-06-24T09:41:31","slug":"kontakt","status":"publish","type":"page","link":"https:\/\/bergensee.at\/?page_id=45","title":{"rendered":"Kontakt"},"content":{"rendered":"\n<p>Interesse? Kontaktieren Sie uns mit einer E-Mail an bergensee@gmx.at.<\/p>\n\n\n\n<p><\/p>\n\n\n\n<p><\/p>\n\n\n\n<p><\/p>\n\n\n\n<p><\/p>\n\n\n\n<p><strong>Nutzung Ihrer Daten<\/strong><\/p>\n\n\n\n<p style=\"font-size:12px\">Die personenbezogenen Daten, die Sie uns im Rahmen dieser Kontaktanfrage zur Verf\u00fcgung stellen, werden nur f\u00fcr die Beantwortung Ihrer Anfrage bzw. Kontaktaufnahme und f\u00fcr die damit verbundene technische Administration verwendet. Die Weitergabe an Dritte findet nicht statt.<\/p>\n\n\n\n<p style=\"font-size:12px\">Sie haben das Recht, eine erteilte Einwilligung mit Wirkung f\u00fcr die Zukunft jederzeit zu widerrufen. In diesem Fall werden Ihre personenbezogenen Daten umgehend gel\u00f6scht.<\/p>\n\n\n\n<p style=\"font-size:12px\">Ihre personenbezogenen Daten werden auch ohne Ihren Widerruf gel\u00f6scht, wenn wir Ihre Anfrage bearbeitet haben oder Sie die hier erteilte Einwilligung zur Speicherung widerrufen. Dies geschieht auch, wenn die Speicherung aus sonstigen gesetzlichen Gr\u00fcnden unzul\u00e4ssig ist.<\/p>\n\n\n\n<p style=\"font-size:12px\">Sie k\u00f6nnen sich jederzeit \u00fcber die zu Ihrer Person gespeicherten Daten informieren.<\/p>\n\n\n\n<p style=\"font-size:12px\">Detaillierte Informationen zum Datenschutz und zum Umgang mit personenbezogenen Daten finden Sie in der&nbsp;allgemeinen Datenschutzerkl\u00e4rung&nbsp;dieser Webseite.<\/p>\n","protected":false},"excerpt":{"rendered":"<p>Interesse? Kontaktieren Sie uns mit einer E-Mail an bergensee@gmx.at. Nutzung Ihrer Daten Die personenbezogenen Daten, die Sie uns im Rahmen dieser Kontaktanfrage zur Verf\u00fcgung stellen, werden nur f\u00fcr die Beantwortung Ihrer Anfrage bzw. Kontaktaufnahme und f\u00fcr die damit verbundene technische Administration verwendet. Die Weitergabe an Dritte findet nicht statt. Sie haben das Recht, eine erteilte &hellip; <\/p>\n<p class=\"link-more\"><a href=\"https:\/\/bergensee.at\/?page_id=45\" class=\"more-link\"><span class=\"screen-reader-text\">\u201eKontakt\u201c<\/span> weiterlesen<\/a><\/p>\n","protected":false},"author":1,"featured_media":37,"parent":0,"menu_order":0,"comment_status":"closed","ping_status":"closed","template":"","meta":{"ngg_post_thumbnail":0,"footnotes":""},"class_list":["post-45","page","type-page","status-publish","has-post-thumbnail","hentry"],"yoast_head":"<!-- This site is optimized with the Yoast SEO plugin v27.3 - https:\/\/yoast.com\/product\/yoast-seo-wordpress\/ -->\n<title>Kontakt - Berg&rsquo;nSee - Annenheim - Austria<\/title>\n<meta name=\"robots\" content=\"index, follow, max-snippet:-1, max-image-preview:large, max-video-preview:-1\" \/>\n<link rel=\"canonical\" href=\"https:\/\/bergensee.at\/?page_id=45\" \/>\n<meta property=\"og:locale\" content=\"de_DE\" \/>\n<meta property=\"og:type\" content=\"article\" \/>\n<meta property=\"og:title\" content=\"Kontakt - Berg&rsquo;nSee - Annenheim - Austria\" \/>\n<meta property=\"og:description\" content=\"Interesse? Kontaktieren Sie uns mit einer E-Mail an bergensee@gmx.at. Nutzung Ihrer Daten Die personenbezogenen Daten, die Sie uns im Rahmen dieser Kontaktanfrage zur Verf\u00fcgung stellen, werden nur f\u00fcr die Beantwortung Ihrer Anfrage bzw. Kontaktaufnahme und f\u00fcr die damit verbundene technische Administration verwendet. Die Weitergabe an Dritte findet nicht statt. Sie haben das Recht, eine erteilte &hellip; \u201eKontakt\u201c weiterlesen\" \/>\n<meta property=\"og:url\" content=\"https:\/\/bergensee.at\/?page_id=45\" \/>\n<meta property=\"og:site_name\" content=\"Berg&rsquo;nSee - Annenheim - Austria\" \/>\n<meta property=\"article:modified_time\" content=\"2024-06-24T09:41:31+00:00\" \/>\n<meta property=\"og:image\" content=\"https:\/\/bergensee.at\/wp-content\/uploads\/2021\/01\/header2.jpg\" \/>\n\t<meta property=\"og:image:width\" content=\"2449\" \/>\n\t<meta property=\"og:image:height\" content=\"1632\" \/>\n\t<meta property=\"og:image:type\" content=\"image\/jpeg\" \/>\n<meta name=\"twitter:card\" content=\"summary_large_image\" \/>\n<meta name=\"twitter:label1\" content=\"Gesch\u00e4tzte Lesezeit\" \/>\n\t<meta name=\"twitter:data1\" content=\"1\u00a0Minute\" \/>\n<script type=\"application\/ld+json\" class=\"yoast-schema-graph\">{\"@context\":\"https:\\\/\\\/schema.org\",\"@graph\":[{\"@type\":\"WebPage\",\"@id\":\"https:\\\/\\\/bergensee.at\\\/?page_id=45\",\"url\":\"https:\\\/\\\/bergensee.at\\\/?page_id=45\",\"name\":\"Kontakt - Berg&rsquo;nSee - Annenheim - Austria\",\"isPartOf\":{\"@id\":\"https:\\\/\\\/bergensee.at\\\/#website\"},\"primaryImageOfPage\":{\"@id\":\"https:\\\/\\\/bergensee.at\\\/?page_id=45#primaryimage\"},\"image\":{\"@id\":\"https:\\\/\\\/bergensee.at\\\/?page_id=45#primaryimage\"},\"thumbnailUrl\":\"https:\\\/\\\/bergensee.at\\\/wp-content\\\/uploads\\\/2021\\\/01\\\/header2.jpg\",\"datePublished\":\"2021-01-13T20:35:12+00:00\",\"dateModified\":\"2024-06-24T09:41:31+00:00\",\"breadcrumb\":{\"@id\":\"https:\\\/\\\/bergensee.at\\\/?page_id=45#breadcrumb\"},\"inLanguage\":\"de\",\"potentialAction\":[{\"@type\":\"ReadAction\",\"target\":[\"https:\\\/\\\/bergensee.at\\\/?page_id=45\"]}]},{\"@type\":\"ImageObject\",\"inLanguage\":\"de\",\"@id\":\"https:\\\/\\\/bergensee.at\\\/?page_id=45#primaryimage\",\"url\":\"https:\\\/\\\/bergensee.at\\\/wp-content\\\/uploads\\\/2021\\\/01\\\/header2.jpg\",\"contentUrl\":\"https:\\\/\\\/bergensee.at\\\/wp-content\\\/uploads\\\/2021\\\/01\\\/header2.jpg\",\"width\":2449,\"height\":1632,\"caption\":\"sdfsdfs\"},{\"@type\":\"BreadcrumbList\",\"@id\":\"https:\\\/\\\/bergensee.at\\\/?page_id=45#breadcrumb\",\"itemListElement\":[{\"@type\":\"ListItem\",\"position\":1,\"name\":\"Home\",\"item\":\"https:\\\/\\\/bergensee.at\\\/\"},{\"@type\":\"ListItem\",\"position\":2,\"name\":\"Kontakt\"}]},{\"@type\":\"WebSite\",\"@id\":\"https:\\\/\\\/bergensee.at\\\/#website\",\"url\":\"https:\\\/\\\/bergensee.at\\\/\",\"name\":\"Berg\u2019nSee - Annenheim - Austria\",\"description\":\"Panorama &uuml;ber die K&auml;rntner Berg- und Seenlandschaft\",\"potentialAction\":[{\"@type\":\"SearchAction\",\"target\":{\"@type\":\"EntryPoint\",\"urlTemplate\":\"https:\\\/\\\/bergensee.at\\\/?s={search_term_string}\"},\"query-input\":{\"@type\":\"PropertyValueSpecification\",\"valueRequired\":true,\"valueName\":\"search_term_string\"}}],\"inLanguage\":\"de\"}]}<\/script>\n<!-- \/ Yoast SEO plugin. -->","yoast_head_json":{"title":"Kontakt - Berg&rsquo;nSee - Annenheim - Austria","robots":{"index":"index","follow":"follow","max-snippet":"max-snippet:-1","max-image-preview":"max-image-preview:large","max-video-preview":"max-video-preview:-1"},"canonical":"https:\/\/bergensee.at\/?page_id=45","og_locale":"de_DE","og_type":"article","og_title":"Kontakt - Berg&rsquo;nSee - Annenheim - Austria","og_description":"Interesse? Kontaktieren Sie uns mit einer E-Mail an bergensee@gmx.at. Nutzung Ihrer Daten Die personenbezogenen Daten, die Sie uns im Rahmen dieser Kontaktanfrage zur Verf\u00fcgung stellen, werden nur f\u00fcr die Beantwortung Ihrer Anfrage bzw. Kontaktaufnahme und f\u00fcr die damit verbundene technische Administration verwendet. Die Weitergabe an Dritte findet nicht statt. Sie haben das Recht, eine erteilte &hellip; \u201eKontakt\u201c weiterlesen","og_url":"https:\/\/bergensee.at\/?page_id=45","og_site_name":"Berg&rsquo;nSee - Annenheim - Austria","article_modified_time":"2024-06-24T09:41:31+00:00","og_image":[{"width":2449,"height":1632,"url":"https:\/\/bergensee.at\/wp-content\/uploads\/2021\/01\/header2.jpg","type":"image\/jpeg"}],"twitter_card":"summary_large_image","twitter_misc":{"Gesch\u00e4tzte Lesezeit":"1\u00a0Minute"},"schema":{"@context":"https:\/\/schema.org","@graph":[{"@type":"WebPage","@id":"https:\/\/bergensee.at\/?page_id=45","url":"https:\/\/bergensee.at\/?page_id=45","name":"Kontakt - Berg&rsquo;nSee - Annenheim - Austria","isPartOf":{"@id":"https:\/\/bergensee.at\/#website"},"primaryImageOfPage":{"@id":"https:\/\/bergensee.at\/?page_id=45#primaryimage"},"image":{"@id":"https:\/\/bergensee.at\/?page_id=45#primaryimage"},"thumbnailUrl":"https:\/\/bergensee.at\/wp-content\/uploads\/2021\/01\/header2.jpg","datePublished":"2021-01-13T20:35:12+00:00","dateModified":"2024-06-24T09:41:31+00:00","breadcrumb":{"@id":"https:\/\/bergensee.at\/?page_id=45#breadcrumb"},"inLanguage":"de","potentialAction":[{"@type":"ReadAction","target":["https:\/\/bergensee.at\/?page_id=45"]}]},{"@type":"ImageObject","inLanguage":"de","@id":"https:\/\/bergensee.at\/?page_id=45#primaryimage","url":"https:\/\/bergensee.at\/wp-content\/uploads\/2021\/01\/header2.jpg","contentUrl":"https:\/\/bergensee.at\/wp-content\/uploads\/2021\/01\/header2.jpg","width":2449,"height":1632,"caption":"sdfsdfs"},{"@type":"BreadcrumbList","@id":"https:\/\/bergensee.at\/?page_id=45#breadcrumb","itemListElement":[{"@type":"ListItem","position":1,"name":"Home","item":"https:\/\/bergensee.at\/"},{"@type":"ListItem","position":2,"name":"Kontakt"}]},{"@type":"WebSite","@id":"https:\/\/bergensee.at\/#website","url":"https:\/\/bergensee.at\/","name":"Berg\u2019nSee - Annenheim - Austria","description":"Panorama &uuml;ber die K&auml;rntner Berg- und Seenlandschaft","potentialAction":[{"@type":"SearchAction","target":{"@type":"EntryPoint","urlTemplate":"https:\/\/bergensee.at\/?s={search_term_string}"},"query-input":{"@type":"PropertyValueSpecification","valueRequired":true,"valueName":"search_term_string"}}],"inLanguage":"de"}]}},"_links":{"self":[{"href":"https:\/\/bergensee.at\/index.php?rest_route=\/wp\/v2\/pages\/45","targetHints":{"allow":["GET"]}}],"collection":[{"href":"https:\/\/bergensee.at\/index.php?rest_route=\/wp\/v2\/pages"}],"about":[{"href":"https:\/\/bergensee.at\/index.php?rest_route=\/wp\/v2\/types\/page"}],"author":[{"embeddable":true,"href":"https:\/\/bergensee.at\/index.php?rest_route=\/wp\/v2\/users\/1"}],"replies":[{"embeddable":true,"href":"https:\/\/bergensee.at\/index.php?rest_route=%2Fwp%2Fv2%2Fcomments&post=45"}],"version-history":[{"count":26,"href":"https:\/\/bergensee.at\/index.php?rest_route=\/wp\/v2\/pages\/45\/revisions"}],"predecessor-version":[{"id":332,"href":"https:\/\/bergensee.at\/index.php?rest_route=\/wp\/v2\/pages\/45\/revisions\/332"}],"wp:featuredmedia":[{"embeddable":true,"href":"https:\/\/bergensee.at\/index.php?rest_route=\/wp\/v2\/media\/37"}],"wp:attachment":[{"href":"https:\/\/bergensee.at\/index.php?rest_route=%2Fwp%2Fv2%2Fmedia&parent=45"}],"curies":[{"name":"wp","href":"https:\/\/api.w.org\/{rel}","templated":true}]}}