{"id":111,"date":"2021-01-24T15:02:05","date_gmt":"2021-01-24T15:02:05","guid":{"rendered":"https:\/\/bergensee.at\/?page_id=111"},"modified":"2021-02-08T19:30:49","modified_gmt":"2021-02-08T19:30:49","slug":"ferienwohnung-bruno-duplicate-1","status":"publish","type":"page","link":"https:\/\/bergensee.at\/?page_id=111","title":{"rendered":"Ferienwohnung Fritz"},"content":{"rendered":"\nngg_shortcode_0_placeholder\n\n\n\n<p><\/p>\n\n\n\n<div class=\"wp-block-media-text alignwide is-stacked-on-mobile is-vertically-aligned-top\" style=\"grid-template-columns:60% auto\"><figure class=\"wp-block-media-text__media\"><img loading=\"lazy\" decoding=\"async\" width=\"992\" height=\"1024\" src=\"https:\/\/bergensee.at\/wp-content\/uploads\/2021\/01\/FritGrundgriss-992x1024.jpg\" alt=\"\" class=\"wp-image-170 size-full\" srcset=\"https:\/\/bergensee.at\/wp-content\/uploads\/2021\/01\/FritGrundgriss-992x1024.jpg 992w, https:\/\/bergensee.at\/wp-content\/uploads\/2021\/01\/FritGrundgriss-291x300.jpg 291w, https:\/\/bergensee.at\/wp-content\/uploads\/2021\/01\/FritGrundgriss-768x793.jpg 768w, https:\/\/bergensee.at\/wp-content\/uploads\/2021\/01\/FritGrundgriss.jpg 1357w\" sizes=\"auto, (max-width: 767px) 89vw, (max-width: 1000px) 54vw, (max-width: 1071px) 543px, 580px\" \/><\/figure><div class=\"wp-block-media-text__content\">\n<p>Ferienwohnung <strong>Fritz<\/strong> bietet Platz f\u00fcr 2-3 Personen und verf\u00fcgt \u00fcber ein Wohnzimmer mit K\u00fcche, Bad und ein Schlafzimmer. Im Wohnzimmer kann das Schlafsofa als Aufbettung genutzt werden. Die Terrasse mit Seeblick l\u00e4dt zu einem ausgiebigen Fr\u00fchst\u00fcck oder Abendessen ein. Die Ferienwohnung ist ausgestattet mit einem Doppelbett, kostenlosem WLAN und TV sowie vollst\u00e4ndiger K\u00fccheneinrichtung. <\/p>\n<\/div><\/div>\n\n\n\n<p>Weiterhin bietet die im Haus befindliche Sauna die perfekte M\u00f6glichkeit, sich von anstrengenden Wandertouren oder Skitagen zu erholen. Die Sauna kann von den G\u00e4sten gegen Geb\u00fchr genutzt werden.<\/p>\n","protected":false},"excerpt":{"rendered":"<p>Ferienwohnung Fritz bietet Platz f\u00fcr 2-3 Personen und verf\u00fcgt \u00fcber ein Wohnzimmer mit K\u00fcche, Bad und ein Schlafzimmer. Im Wohnzimmer kann das Schlafsofa als Aufbettung genutzt werden. Die Terrasse mit Seeblick l\u00e4dt zu einem ausgiebigen Fr\u00fchst\u00fcck oder Abendessen ein. Die Ferienwohnung ist ausgestattet mit einem Doppelbett, kostenlosem WLAN und TV sowie vollst\u00e4ndiger K\u00fccheneinrichtung. Weiterhin bietet &hellip; <\/p>\n<p class=\"link-more\"><a href=\"https:\/\/bergensee.at\/?page_id=111\" class=\"more-link\"><span class=\"screen-reader-text\">\u201eFerienwohnung Fritz\u201c<\/span> weiterlesen<\/a><\/p>\n","protected":false},"author":1,"featured_media":0,"parent":0,"menu_order":0,"comment_status":"closed","ping_status":"closed","template":"","meta":{"ngg_post_thumbnail":0,"footnotes":""},"class_list":["post-111","page","type-page","status-publish","hentry"],"yoast_head":"<!-- This site is optimized with the Yoast SEO plugin v27.3 - https:\/\/yoast.com\/product\/yoast-seo-wordpress\/ -->\n<title>Ferienwohnung Fritz - Berg&rsquo;nSee - Annenheim - Austria<\/title>\n<meta name=\"robots\" content=\"index, follow, max-snippet:-1, max-image-preview:large, max-video-preview:-1\" \/>\n<link rel=\"canonical\" href=\"https:\/\/bergensee.at\/?page_id=111\" \/>\n<meta property=\"og:locale\" content=\"de_DE\" \/>\n<meta property=\"og:type\" content=\"article\" \/>\n<meta property=\"og:title\" content=\"Ferienwohnung Fritz - Berg&rsquo;nSee - Annenheim - Austria\" \/>\n<meta property=\"og:description\" content=\"Ferienwohnung Fritz bietet Platz f\u00fcr 2-3 Personen und verf\u00fcgt \u00fcber ein Wohnzimmer mit K\u00fcche, Bad und ein Schlafzimmer. Im Wohnzimmer kann das Schlafsofa als Aufbettung genutzt werden. Die Terrasse mit Seeblick l\u00e4dt zu einem ausgiebigen Fr\u00fchst\u00fcck oder Abendessen ein. Die Ferienwohnung ist ausgestattet mit einem Doppelbett, kostenlosem WLAN und TV sowie vollst\u00e4ndiger K\u00fccheneinrichtung. Weiterhin bietet &hellip; \u201eFerienwohnung Fritz\u201c weiterlesen\" \/>\n<meta property=\"og:url\" content=\"https:\/\/bergensee.at\/?page_id=111\" \/>\n<meta property=\"og:site_name\" content=\"Berg&rsquo;nSee - Annenheim - Austria\" \/>\n<meta property=\"article:modified_time\" content=\"2021-02-08T19:30:49+00:00\" \/>\n<meta property=\"og:image\" content=\"https:\/\/bergensee.at\/wp-content\/uploads\/2021\/01\/FritGrundgriss-992x1024.jpg\" \/>\n<meta name=\"twitter:card\" content=\"summary_large_image\" \/>\n<meta name=\"twitter:label1\" content=\"Gesch\u00e4tzte Lesezeit\" \/>\n\t<meta name=\"twitter:data1\" content=\"1\u00a0Minute\" \/>\n<script type=\"application\/ld+json\" class=\"yoast-schema-graph\">{\"@context\":\"https:\\\/\\\/schema.org\",\"@graph\":[{\"@type\":\"WebPage\",\"@id\":\"https:\\\/\\\/bergensee.at\\\/?page_id=111\",\"url\":\"https:\\\/\\\/bergensee.at\\\/?page_id=111\",\"name\":\"Ferienwohnung Fritz - Berg&rsquo;nSee - Annenheim - Austria\",\"isPartOf\":{\"@id\":\"https:\\\/\\\/bergensee.at\\\/#website\"},\"primaryImageOfPage\":{\"@id\":\"https:\\\/\\\/bergensee.at\\\/?page_id=111#primaryimage\"},\"image\":{\"@id\":\"https:\\\/\\\/bergensee.at\\\/?page_id=111#primaryimage\"},\"thumbnailUrl\":\"https:\\\/\\\/bergensee.at\\\/wp-content\\\/uploads\\\/2021\\\/01\\\/FritGrundgriss-992x1024.jpg\",\"datePublished\":\"2021-01-24T15:02:05+00:00\",\"dateModified\":\"2021-02-08T19:30:49+00:00\",\"breadcrumb\":{\"@id\":\"https:\\\/\\\/bergensee.at\\\/?page_id=111#breadcrumb\"},\"inLanguage\":\"de\",\"potentialAction\":[{\"@type\":\"ReadAction\",\"target\":[\"https:\\\/\\\/bergensee.at\\\/?page_id=111\"]}]},{\"@type\":\"ImageObject\",\"inLanguage\":\"de\",\"@id\":\"https:\\\/\\\/bergensee.at\\\/?page_id=111#primaryimage\",\"url\":\"https:\\\/\\\/bergensee.at\\\/wp-content\\\/uploads\\\/2021\\\/01\\\/FritGrundgriss.jpg\",\"contentUrl\":\"https:\\\/\\\/bergensee.at\\\/wp-content\\\/uploads\\\/2021\\\/01\\\/FritGrundgriss.jpg\",\"width\":1357,\"height\":1401},{\"@type\":\"BreadcrumbList\",\"@id\":\"https:\\\/\\\/bergensee.at\\\/?page_id=111#breadcrumb\",\"itemListElement\":[{\"@type\":\"ListItem\",\"position\":1,\"name\":\"Home\",\"item\":\"https:\\\/\\\/bergensee.at\\\/\"},{\"@type\":\"ListItem\",\"position\":2,\"name\":\"Ferienwohnung Fritz\"}]},{\"@type\":\"WebSite\",\"@id\":\"https:\\\/\\\/bergensee.at\\\/#website\",\"url\":\"https:\\\/\\\/bergensee.at\\\/\",\"name\":\"Berg\u2019nSee - Annenheim - Austria\",\"description\":\"Panorama &uuml;ber die K&auml;rntner Berg- und Seenlandschaft\",\"potentialAction\":[{\"@type\":\"SearchAction\",\"target\":{\"@type\":\"EntryPoint\",\"urlTemplate\":\"https:\\\/\\\/bergensee.at\\\/?s={search_term_string}\"},\"query-input\":{\"@type\":\"PropertyValueSpecification\",\"valueRequired\":true,\"valueName\":\"search_term_string\"}}],\"inLanguage\":\"de\"}]}<\/script>\n<!-- \/ Yoast SEO plugin. -->","yoast_head_json":{"title":"Ferienwohnung Fritz - Berg&rsquo;nSee - Annenheim - Austria","robots":{"index":"index","follow":"follow","max-snippet":"max-snippet:-1","max-image-preview":"max-image-preview:large","max-video-preview":"max-video-preview:-1"},"canonical":"https:\/\/bergensee.at\/?page_id=111","og_locale":"de_DE","og_type":"article","og_title":"Ferienwohnung Fritz - Berg&rsquo;nSee - Annenheim - Austria","og_description":"Ferienwohnung Fritz bietet Platz f\u00fcr 2-3 Personen und verf\u00fcgt \u00fcber ein Wohnzimmer mit K\u00fcche, Bad und ein Schlafzimmer. Im Wohnzimmer kann das Schlafsofa als Aufbettung genutzt werden. Die Terrasse mit Seeblick l\u00e4dt zu einem ausgiebigen Fr\u00fchst\u00fcck oder Abendessen ein. Die Ferienwohnung ist ausgestattet mit einem Doppelbett, kostenlosem WLAN und TV sowie vollst\u00e4ndiger K\u00fccheneinrichtung. Weiterhin bietet &hellip; \u201eFerienwohnung Fritz\u201c weiterlesen","og_url":"https:\/\/bergensee.at\/?page_id=111","og_site_name":"Berg&rsquo;nSee - Annenheim - Austria","article_modified_time":"2021-02-08T19:30:49+00:00","og_image":[{"url":"https:\/\/bergensee.at\/wp-content\/uploads\/2021\/01\/FritGrundgriss-992x1024.jpg","type":"","width":"","height":""}],"twitter_card":"summary_large_image","twitter_misc":{"Gesch\u00e4tzte Lesezeit":"1\u00a0Minute"},"schema":{"@context":"https:\/\/schema.org","@graph":[{"@type":"WebPage","@id":"https:\/\/bergensee.at\/?page_id=111","url":"https:\/\/bergensee.at\/?page_id=111","name":"Ferienwohnung Fritz - Berg&rsquo;nSee - Annenheim - Austria","isPartOf":{"@id":"https:\/\/bergensee.at\/#website"},"primaryImageOfPage":{"@id":"https:\/\/bergensee.at\/?page_id=111#primaryimage"},"image":{"@id":"https:\/\/bergensee.at\/?page_id=111#primaryimage"},"thumbnailUrl":"https:\/\/bergensee.at\/wp-content\/uploads\/2021\/01\/FritGrundgriss-992x1024.jpg","datePublished":"2021-01-24T15:02:05+00:00","dateModified":"2021-02-08T19:30:49+00:00","breadcrumb":{"@id":"https:\/\/bergensee.at\/?page_id=111#breadcrumb"},"inLanguage":"de","potentialAction":[{"@type":"ReadAction","target":["https:\/\/bergensee.at\/?page_id=111"]}]},{"@type":"ImageObject","inLanguage":"de","@id":"https:\/\/bergensee.at\/?page_id=111#primaryimage","url":"https:\/\/bergensee.at\/wp-content\/uploads\/2021\/01\/FritGrundgriss.jpg","contentUrl":"https:\/\/bergensee.at\/wp-content\/uploads\/2021\/01\/FritGrundgriss.jpg","width":1357,"height":1401},{"@type":"BreadcrumbList","@id":"https:\/\/bergensee.at\/?page_id=111#breadcrumb","itemListElement":[{"@type":"ListItem","position":1,"name":"Home","item":"https:\/\/bergensee.at\/"},{"@type":"ListItem","position":2,"name":"Ferienwohnung Fritz"}]},{"@type":"WebSite","@id":"https:\/\/bergensee.at\/#website","url":"https:\/\/bergensee.at\/","name":"Berg\u2019nSee - Annenheim - Austria","description":"Panorama &uuml;ber die K&auml;rntner Berg- und Seenlandschaft","potentialAction":[{"@type":"SearchAction","target":{"@type":"EntryPoint","urlTemplate":"https:\/\/bergensee.at\/?s={search_term_string}"},"query-input":{"@type":"PropertyValueSpecification","valueRequired":true,"valueName":"search_term_string"}}],"inLanguage":"de"}]}},"_links":{"self":[{"href":"https:\/\/bergensee.at\/index.php?rest_route=\/wp\/v2\/pages\/111","targetHints":{"allow":["GET"]}}],"collection":[{"href":"https:\/\/bergensee.at\/index.php?rest_route=\/wp\/v2\/pages"}],"about":[{"href":"https:\/\/bergensee.at\/index.php?rest_route=\/wp\/v2\/types\/page"}],"author":[{"embeddable":true,"href":"https:\/\/bergensee.at\/index.php?rest_route=\/wp\/v2\/users\/1"}],"replies":[{"embeddable":true,"href":"https:\/\/bergensee.at\/index.php?rest_route=%2Fwp%2Fv2%2Fcomments&post=111"}],"version-history":[{"count":7,"href":"https:\/\/bergensee.at\/index.php?rest_route=\/wp\/v2\/pages\/111\/revisions"}],"predecessor-version":[{"id":219,"href":"https:\/\/bergensee.at\/index.php?rest_route=\/wp\/v2\/pages\/111\/revisions\/219"}],"wp:attachment":[{"href":"https:\/\/bergensee.at\/index.php?rest_route=%2Fwp%2Fv2%2Fmedia&parent=111"}],"curies":[{"name":"wp","href":"https:\/\/api.w.org\/{rel}","templated":true}]}}